False
Is 2697 a factor of 92590707?
True
Is 55 a factor of 336963407?
False
Is 42 a factor of 7419888?
True
Is 31304920 a multiple of 133?
False
Is 293609036 a multiple of 46?
False
Does 1715 divide 824162318?
False
Does 9 divide 625303?
False
Does 238 divide 7213066?
True
Is 66825657 a multiple of 88?
False
Does 227 divide 38096759?
False
Is 3307 a factor of 170093186?
False
Is 57 a factor of 905730?
True
Is 14 a factor of 64226960?
True
Is 17 a factor of 2473636714?
True
Does 13 divide 49999937?
True
Does 8 divide 51974016?
True
Is 1358932250 a multiple of 6175?
True
Is 39 a factor of 168725817?
True
Is 3484 a factor of 106805504?
True
Is 99201796 a multiple of 82?
True
Is 1362 a factor of 45744297?
False
Is 218 a factor of 1429406598?
True
Is 125 a factor of 3167932888?
False
Does 308 divide 2234477002?
False
Is 420738924 a multiple of 188?
True
Is 31104898 a multiple of 32?
False
Is 4958 a factor of 2840968093?
False
Is 25 a factor of 80106752?
False
Is 134389002 a multiple of 17?
False
Is 92523180 a multiple of 340?
True
Is 54515670 a multiple of 1705?
True
Does 164 divide 71481121?
False
Is 4890535040 a multiple of 32?
True
Does 6 divide 1340083742?
False
Is 15 a factor of 586146435?
True
Does 37 divide 11199179?
False
Does 190 divide 4780400?
True
Does 644 divide 81189415?
False
Does 28 divide 1354472?
True
Is 8847321 even?
False
Is 68 a factor of 172308943?
False
Is 55929831 a multiple of 3162?
False
Is 4152 a factor of 93378480?
True
Is 65 a factor of 22002158?
False
Is 20269928 a multiple of 178?
True
Does 21 divide 13259169?
True
Is 1585 a factor of 335240180?
True
Is 763428992 a multiple of 288?
False
Does 688 divide 8719024?
True
Does 1282 divide 2134755530?
False
Is 4 a factor of 30559215?
False
Does 122 divide 2067693630?
False
Does 85 divide 62320385?
True
Is 51 a factor of 6007127977?
False
Does 409 divide 822575?
False
Is 161 a factor of 3351130?
False
Is 2153 a factor of 208082941?
False
Does 550 divide 26295187?
False
Does 26 divide 583353238?
True
Is 12658114 a multiple of 3?
False
Does 48 divide 9101559?
False
Is 23340990 a multiple of 885?
True
Is 82321722 a multiple of 846?
True
Is 73107405 a multiple of 1537?
True
Is 45 a factor of 31300097?
False
Is 333 a factor of 189597213?
True
Is 33 a factor of 549331819?
False
Is 1343 a factor of 35572771?
False
Does 11 divide 11547976?
True
Is 731424397 a multiple of 229?
True
Is 1230776936 a multiple of 116?
True
Is 4577458619 a multiple of 10642?
False
Does 228 divide 168812340?
True
Is 191219312 a multiple of 1073?
False
Does 639 divide 154209231?
True
Does 2574 divide 138941946?
True
Does 122 divide 18085583?
False
Is 7 a factor of 648168710?
True
Is 339 a factor of 39627066?
True
Does 64 divide 375216037?
False
Is 39322386 a multiple of 797?
True
Is 5 a factor of 14363645?
True
Is 479162430 a multiple of 10?
True
Is 204 a factor of 29260332?
True
Is 20 a factor of 393803827?
False
Does 13 divide 73870329?
True
Is 72 a factor of 742609187?
False
Does 1407 divide 84609945?
True
Does 56 divide 5245439?
False
Does 183 divide 1348907895?
False
Does 234 divide 1888484241?
False
Is 534 a factor of 27179207?
False
Does 3067 divide 2616249144?
True
Is 252372072 a multiple of 82?
False
Is 246248999 a multiple of 13?
False
Is 17 a factor of 5878356117?
False
Does 6196 divide 100954416?
False
Is 71889896 a multiple of 169?
True
Is 683436098 a multiple of 4?
False
Is 28832396 a multiple of 14?
False
Is 360 a factor of 19367280?
True
Is 79899274 a multiple of 3147?
False
Is 31020623 a multiple of 29?
False
Is 3337 a factor of 134040616?
True
Is 9 a factor of 93726128?
False
Is 981 a factor of 25618022?
False
Is 12058592 a multiple of 11?
False
Is 122 a factor of 28164584?
False
Is 368793648 a multiple of 51?
True
Is 242254368 a multiple of 6546?
True
Is 77 a factor of 347849378?
False
Is 294461087 a multiple of 4317?
False
Is 652100596 a multiple of 28?
True
Is 8472169 a multiple of 335?
False
Does 164 divide 143202996?
True
Is 287439768 a multiple of 2772?
True
Is 1137 a factor of 67553718?
True
Is 1701 a factor of 21773816?
False
Does 10 divide 540269790?
True
Does 107 divide 1628088460?
True
Does 5 divide 11303393?
False
Is 764 a factor of 4829495757?
False
Is 1551 a factor of 20156745?
False
Does 20 divide 289955000?
True
Is 1261 a factor of 4520685?
True
Is 352 a factor of 201691989?
False
Does 8 divide 100391680?
True
Is 32 a factor of 719010441?
False
Does 174 divide 999282?
True
Does 129 divide 69700440?
False
Does 989 divide 10257908?
True
Is 1451907 a multiple of 1239?
False
Is 608976 a multiple of 100?
False
Is 696174976 a multiple of 14?
True
Does 93 divide 12016321?
False
Is 19 a factor of 103234598?
False
Is 12 a factor of 795038616?
True
Is 129644577 a multiple of 2271?
True
Is 101 a factor of 24365556?
False
Does 1667 divide 38846777?
False
Does 475 divide 200564000?
True
Is 43541202 a multiple of 18?
False
Is 26 a factor of 26797413?
False
Is 35 a factor of 263247775?
True
Is 89 a factor of 130724727?
False
Is 1438 a factor of 42413810?
True
Does 414 divide 118335690?
True
Is 16956187 a multiple of 9?
False
Does 47 divide 40478605?
False
Is 113753900 a multiple of 169?
True
Is 1979805586 a multiple of 109?
True
Is 843312550 a multiple of 74?
False
Is 140 a factor of 84076912?
False
Is 227728263 a multiple of 10?
False
Is 1820 a factor of 620289174?
False
Is 225115442 a multiple of 4?
False
Is 835 a factor of 31371376?
False
Is 24 a factor of 1591367312?
False
Does 2 divide 7384079?
False
Is 337316 a multiple of 14?
True
Is 161560496 a multiple of 19?
True
Does 9 divide 16540416?
True
Is 140 a factor of 27900600?
True
Does 5673 divide 2747173962?
False
Is 11 a factor of 599631?
False
Is 510 a factor of 32469560?
False
Is 1180 a factor of 27896380?
True
Does 1327 divide 17175397?
False
Is 82722360 a multiple of 35?
True
Is 13 a factor of 933609453?
False
Is 519 a factor of 1773778515?
True
Is 551101950 a multiple of 45?
True
Does 9 divide 1887966?
True
Is 50874417 a multiple of 645?
False
Is 136258248 a multiple of 84?
True
Is 168 a factor of 5919144?
True
Is 3914 a factor of 160501398?
True
Is 23529003 a multiple of 1277?
False
Is 3744658 a multiple of 34?
True
Is 5 a factor of 2157113597?
False
Is 165068057 a multiple of 369?
False
Is 155985847 a multiple of 1289?
False
Does 4 divide 6421180?
True
Is 3 a factor of 9951824?
False
Does 14 divide 12099304?
True
Is 158741148 a multiple of 6?
True
Is 269413716 a multiple of 169?
True
Is 634 a factor of 649345336?
True
Is 97750716 a multiple of 142?
False
Is 179 a factor of 1155611118?
False
Is 510703083 a multiple of 3325?
False
Is 27 a factor of 120201975?
True
Does 889 divide 293565580?
True
Is 204 a factor of 370979916?
True
Is 141 a factor of 25703793?
False
Is 99822849 a multiple of 7?
True
Does 834 divide 94299187?
False
Is 13 a factor of 20288856?
False
Is 162 a factor of 41196114?
True
Is 43608574 a multiple of 94?
True
Does 19 divide 44188099?
False
Does 596 divide 153304312?
True
Is 746238364 a multiple of 197?
True
Is 746050614 a multiple of 445?
False
Is 36469144 a multiple of 62?
True
Does 4359 divide 290862402?
False
Does 115 divide 3833295?
True
Is 75110265 a multiple of 1082?
False
Does 96 divide 1589149152?
True
Is 400340565 a multiple of 255?
True
Is 1661 a factor of 2485393027?
False
Is 21 a factor of 256386627?
True
Is 19471741 a multiple of 2211?
False
Is 2076 a factor of 1596194880?
True
Does 19 divide 70865554?
True
Does 533 divide 53039363?
True
Is 14865077 a multiple of 139?
True
Is 508255290 a multiple of 1530?
True
Is 755 a factor of 10398490?
False
Is 102 a factor of 7480884?
True
Does 32 divide 658906171?
False
Is 772 a factor of 280260577?
False
Is 8 a factor of 5073424?
True
Is 815 a factor of 31188420?
True
Is 30407943 a multiple of 11?
False
Does 30 divide 195899709?
False
Is 21 a factor of 25971582?
True
Does 3009 divide 277383268?
False
Does 218 divide 74199680?
False
Is 57 a factor of 75779334?
True
Does 830 divide 104207330?
True
Is 118 a factor of 1691058?
True
Is 2973 a factor of 381659092?
False
Is 23 a factor of 109762080?
False
Is 42071757 a multiple of 39?
True
Does 60 divide 78200669?
False
Is 381356778 a multiple of 1034?
True
Is 4511 a factor of 591263107?
False
Is 376 a fact